atest common factor of 8364 and 230133.
123
Calculate the highest common divisor of 19603596 and 36.
12
Calculate the highest common divisor of 20 and 122098180.
20
What is the highest common divisor of 89569434 and 2404?
1202
Calculate the highest common factor of 197000 and 704078.
394
Calculate the greatest common divisor of 87216521 and 955.
191
What is the greatest common divisor of 229684 and 64844?
52
What is the highest common factor of 10909690 and 590?
590
What is the highest common divisor of 25 and 79894625?
25
What is the greatest common factor of 2143626 and 18?
6
Calculate the greatest common divisor of 609275 and 15.
5
Calculate the greatest common divisor of 14598743 and 45063.
1669
Calculate the highest common divisor of 3729200 and 6800.
400
What is the highest common divisor of 4431 and 585480?
21
Calculate the highest common divisor of 15167572 and 364.
28
Calculate the highest common factor of 79032 and 1185302.
178
What is the greatest common factor of 463913 and 3764?
941
What is the greatest common divisor of 10541 and 251708539?
10541
Calculate the highest common factor of 30300 and 39400.
100
Calculate the greatest common divisor of 2 and 6835187.
1
Calculate the highest common divisor of 114124 and 6925.
277
What is the greatest common divisor of 972497 and 413?
59
Calculate the greatest common divisor of 179775 and 963265.
235
Calculate the greatest common factor of 233496027 and 729.
243
What is the greatest common divisor of 15498 and 5072438?
574
What is the highest common factor of 1195320738 and 6?
6
Calculate the greatest common factor of 5960259 and 36.
9
What is the highest common factor of 979 and 71556?
89
Calculate the greatest common factor of 440 and 259820.
220
What is the greatest common factor of 467955157 and 764?
191
Calculate the greatest common factor of 540 and 1879542.
18
Calculate the highest common factor of 1463380 and 1140.
380
Calculate the highest common factor of 116970 and 12705.
105
What is the greatest common divisor of 3168671565 and 4607?
4607
What is the highest common factor of 873300 and 45?
15
What is the greatest common divisor of 2205 and 5419449?
441
What is the greatest common factor of 86794 and 422?
2
Calculate the greatest common divisor of 42069883 and 8959.
527
What is the highest common factor of 5360 and 155280?
80
Calculate the highest common divisor of 4141610 and 56980.
110
What is the highest common divisor of 51585050 and 4615?
355
Calculate the greatest common divisor of 6688233192 and 1608.
1608
What is the greatest common factor of 346467628 and 208?
52
Calculate the greatest common divisor of 2156865 and 15.
15
Calculate the highest common divisor of 846 and 106409316.
282
Calculate the greatest common factor of 393822 and 196350.
1122
What is the greatest common divisor of 1228 and 404885722?
614
Calculate the greatest common divisor of 2090 and 10789340.
190
What is the greatest common divisor of 509806 and 44?
22
What is the greatest common divisor of 30 and 2747638?
2
What is the highest common divisor of 2189938 and 26?
2
Calculate the highest common divisor of 962773565 and 109.
109
Calculate the greatest common factor of 159073892 and 614.
614
Calculate the greatest common divisor of 783 and 1616481.
9
What is the greatest common factor of 305 and 395079493?
61
Calculate the greatest common factor of 2857638 and 10374.
798
What is the highest common factor of 21 and 4435635?
3
Calculate the highest common divisor of 163223973 and 3482.
1741
What is the highest common divisor of 1763 and 295323?
41
What is the highest common factor of 36674 and 20560778?
3334
Calculate the highest common factor of 364658 and 52528.
98
What is the greatest common divisor of 193519 and 316354?
431
Calculate the highest common divisor of 3447 and 4273263.
9
What is the greatest common divisor of 2880 and 2550672?
144
Calculate the highest common divisor of 5648130 and 456.
114
What is the greatest common divisor of 3014421 and 1359147?
7593
Calculate the highest common factor of 4961 and 19915709.
451
What is the greatest common divisor of 20262487 and 29274?
4879
Calculate the highest common factor of 1585100 and 28556.
484
Calculate the highest common divisor of 141087 and 2227236.
1077
What is the greatest common factor of 312 and 5259096?
24
What is the highest common divisor of 1340 and 20218590?
670
Calculate the highest common divisor of 4610 and 9514118.
922
What is the highest common divisor of 5456016 and 144?
144
Calculate the highest common divisor of 1032 and 11132872.
344
Calculate the highest common factor of 66115 and 10605.
35
What is the highest common divisor of 1245 and 437447433?
249
What is the highest common divisor of 18 and 60148176?
6
Calculate the highest common factor of 5144 and 67120.
8
What is the greatest common factor of 195 and 8974695?
15
Calculate the highest common divisor of 445237 and 82940.
377
What is the highest common divisor of 336 and 51379888?
112
What is the greatest common factor of 522110 and 14020330?
4790
What is the highest common divisor of 4077222 and 22?
2
Calculate the highest common factor of 48750 and 141063.
39
Calculate the highest common divisor of 140 and 20880482.
14
What is the greatest common divisor of 12744513 and 120?
3
What is the highest common divisor of 19536 and 120912?
528
What is the greatest common divisor of 806 and 84006?
26
What is the highest common divisor of 2304 and 12366162?
18
Calculate the highest common factor of 3712 and 102063296.
1856
Calculate the highest common factor of 425601 and 70092.
297
What is the greatest common divisor of 2989 and 395341?
61
What is the highest common factor of 1092 and 378610596?
1092
What is the greatest common divisor of 8868 and 93196029?
2217
What is the highest common factor of 41568 and 12094556?
1732
What is the greatest common divisor of 12 and 1999698?
6
Calculate the greatest common factor of 4445 and 908050.
635
Calculate the greatest common factor of 425719 and 799771.
427
Calculate the highest common factor of 264754 and 1792.
14
Calculate the greatest common divisor of 6935760 and 3040.
1520
What is the highest common factor of 1294106 and 2596?
1298
Calculate the highest common factor of 76155680 and 320.
160
Calculate the greatest common divisor of 1196 and 239098639.
299
Calculate the greatest common divisor of 262707360 and 26810.
3830
Calculate the greatest common factor of 290 and 16554418.
58
What is the greatest common factor of 123797125 and 4625?
125
What is the highest common factor of 8410 and 11730?
10
Calculate the highest common divisor of 226057356 and 21.
21
What is the greatest common factor of 239 and 43853?
1
Calculate the greatest common factor of 809 and 4524556593.
809
Calculate the greatest common divisor of 6018108 and 2064.
516
Calculate the greatest common factor of 4958 and 19094866.
134
Calculate the greatest common divisor of 440325549 and 9.
9
Calculate the greatest common factor of 10610850 and 11697.
1671
Calculate the highest common divisor of 5841840 and 200.
40
What is the highest common factor of 7368917 and 31?
31
What is the highest common factor of 3 and 254970819?
3
What is the highest common factor of 6482520 and 7608?
24
Calculate the greatest common factor of 912 and 7311504.
912
Calculate the greatest common divisor of 28307692 and 30968.
196
What is the greatest common factor of 1988 and 1912172?
284
Calculate the greatest common divisor of 16353912 and 1392.
696
Calculate the highest common factor of 52870751 and 3071.
83
What is the greatest common divisor of 28040894 and 2590?
518
What is the greatest common factor of 9342395 and 7955?
215
Calculate the greatest common factor of 552 and 2888064.
552
What is the highest common factor of 38 and 175352292?
38
Calculate the greatest common factor of 871180 and 688.
172
Calculate the greatest common divisor of 136294 and 194.
2
What is the highest common factor of 24701 and 7195256?
1453
What is the highest common divisor of 659740 and 8?
4
Calculate the greatest common divisor of 22275 and 52727400.
2475
What is the highest common divisor of 40502385 and 45?
45
Calculate the highest common factor of 3284040 and 114720.
120
Calculate the great